





{"id":34762,"date":"2025-04-24T13:49:41","date_gmt":"2025-04-24T11:49:41","guid":{"rendered":"https:\/\/shop.vsc-klingenthal.de\/?post_type=product&#038;p=34762"},"modified":"2025-06-05T17:37:07","modified_gmt":"2025-06-05T15:37:07","slug":"squad-go-windjacke-damen","status":"publish","type":"product","link":"https:\/\/shop.vsc-klingenthal.de\/?product=squad-go-windjacke-damen","title":{"rendered":"Squad Go Windjacke Damen"},"content":{"rendered":"<p>Die Squad Go Wind Jacket wurde f\u00fcr intensives Training bei windigen Bedingungen entwickelt. Die Jacke mit Kapuze besteht aus einem weichen Funktionsmaterial, das f\u00fcr einen effizienten Feuchtigkeitstransport sorgt. Zwei seitliche Einschubtaschen mit Rei\u00dfverschluss. CRAFT Logo auf der Brust und Six Dot Logo am unteren R\u00fcckenende.<\/p>\n<p>Leichtes, windabweisendes Material aus 100 % recyceltem Polyester<br \/>\nTasche mit Rei\u00dfverschluss<br \/>\nNormale Passform<br \/>\ninkl. bedrucktem Vereinsnamen, -logo und Sponsorenlogos<br \/>\nArtikelnummer Craft: 1913817<\/p>\n","protected":false},"excerpt":{"rendered":"<p>Die Squad Go Wind Jacket wurde f\u00fcr intensives Training bei windigen Bedingungen entwickelt. Die Jacke mit Kapuze besteht aus einem weichen Funktionsmaterial, das f\u00fcr einen effizienten Feuchtigkeitstransport sorgt. Zwei seitliche Einschubtaschen mit Rei\u00dfverschluss.<\/p>\n","protected":false},"featured_media":35373,"template":"","meta":{"_et_pb_use_builder":"","_et_pb_old_content":"","_et_gb_content_width":""},"product_brand":[26],"product_cat":[23],"product_tag":[30,44,49],"class_list":{"0":"post-34762","1":"product","2":"type-product","3":"status-publish","4":"has-post-thumbnail","6":"product_brand-craft","7":"product_cat-damen","8":"product_tag-craft","9":"product_tag-damen","10":"product_tag-wind-jacket","12":"first","13":"instock","14":"taxable","15":"shipping-taxable","16":"purchasable","17":"product-type-variable"},"_links":{"self":[{"href":"https:\/\/shop.vsc-klingenthal.de\/index.php?rest_route=\/wp\/v2\/product\/34762","targetHints":{"allow":["GET"]}}],"collection":[{"href":"https:\/\/shop.vsc-klingenthal.de\/index.php?rest_route=\/wp\/v2\/product"}],"about":[{"href":"https:\/\/shop.vsc-klingenthal.de\/index.php?rest_route=\/wp\/v2\/types\/product"}],"wp:featuredmedia":[{"embeddable":true,"href":"https:\/\/shop.vsc-klingenthal.de\/index.php?rest_route=\/wp\/v2\/media\/35373"}],"wp:attachment":[{"href":"https:\/\/shop.vsc-klingenthal.de\/index.php?rest_route=%2Fwp%2Fv2%2Fmedia&parent=34762"}],"wp:term":[{"taxonomy":"product_brand","embeddable":true,"href":"https:\/\/shop.vsc-klingenthal.de\/index.php?rest_route=%2Fwp%2Fv2%2Fproduct_brand&post=34762"},{"taxonomy":"product_cat","embeddable":true,"href":"https:\/\/shop.vsc-klingenthal.de\/index.php?rest_route=%2Fwp%2Fv2%2Fproduct_cat&post=34762"},{"taxonomy":"product_tag","embeddable":true,"href":"https:\/\/shop.vsc-klingenthal.de\/index.php?rest_route=%2Fwp%2Fv2%2Fproduct_tag&post=34762"}],"curies":[{"name":"wp","href":"https:\/\/api.w.org\/{rel}","templated":true}]}}