





{"id":34742,"date":"2025-04-24T13:24:46","date_gmt":"2025-04-24T11:24:46","guid":{"rendered":"https:\/\/shop.vsc-klingenthal.de\/?post_type=product&#038;p=34742"},"modified":"2025-06-05T17:40:28","modified_gmt":"2025-06-05T15:40:28","slug":"squad-go-pant-women","status":"publish","type":"product","link":"https:\/\/shop.vsc-klingenthal.de\/?product=squad-go-pant-women","title":{"rendered":"Squad Go Trainingshose Damen"},"content":{"rendered":"<p>Die Squad Go Pants ist eine funktionelle und strapazierf\u00e4hige Trainingshose, die perfekt in die Garderobe eines jeden Teams passen. Diese vielseitigen und langlebigen Teamwear-Hosen sind aus strapazierf\u00e4higem und recyceltem Polyestergewebe gefertigt und gew\u00e4hrleisten bei intensiven Trainingseinheiten einen hervorragenden Feuchtigkeitstransport. Eine athletische Passform sorgt f\u00fcr Bewegungsfreiheit, w\u00e4hrend ein elastischer Bund mit Kordelzug eine individuelle Passform erm\u00f6glicht. Dar\u00fcber hinaus verf\u00fcgt die Trainingshose \u00fcber zwei Seitentaschen sowie ein klares Design.<\/p>\n<p>Strapazierf\u00e4higer Stoff aus recyceltem Polyester<br \/>\nElastischer Bund mit Kordelzug<br \/>\nZwei Seitentaschen<br \/>\nKlares Design<br \/>\nNormale Passform<\/p>\n<p>Material: 100% Polyester (recycelt)<br \/>\ninkl. bedrucktem Vereinsnamen, -logo und Sponsorenlogos<br \/>\nArtikelnummer Craft: 1915354<\/p>\n","protected":false},"excerpt":{"rendered":"<p>Die Squad Go Pants ist eine funktionelle und strapazierf\u00e4hige Trainingshose, die perfekt in die Garderobe eines jeden Teams passen. Diese vielseitigen und langlebigen Teamwear-Hosen sind aus strapazierf\u00e4higem und recyceltem Polyestergewebe gefertigt und gew\u00e4hrleisten bei intensiven Trainingseinheiten einen hervorragenden Feuchtigkeitstransport. Eine athletische Passform sorgt f\u00fcr Bewegungsfreiheit, w\u00e4hrend ein elastischer Bund mit Kordelzug eine individuelle Passform erm\u00f6glicht. [&hellip;]<\/p>\n","protected":false},"featured_media":35530,"template":"","meta":{"_et_pb_use_builder":"","_et_pb_old_content":"","_et_gb_content_width":""},"product_brand":[26],"product_cat":[23],"product_tag":[30,44,47],"class_list":{"0":"post-34742","1":"product","2":"type-product","3":"status-publish","4":"has-post-thumbnail","6":"product_brand-craft","7":"product_cat-damen","8":"product_tag-craft","9":"product_tag-damen","10":"product_tag-pants","12":"first","13":"instock","14":"taxable","15":"shipping-taxable","16":"purchasable","17":"product-type-variable"},"_links":{"self":[{"href":"https:\/\/shop.vsc-klingenthal.de\/index.php?rest_route=\/wp\/v2\/product\/34742","targetHints":{"allow":["GET"]}}],"collection":[{"href":"https:\/\/shop.vsc-klingenthal.de\/index.php?rest_route=\/wp\/v2\/product"}],"about":[{"href":"https:\/\/shop.vsc-klingenthal.de\/index.php?rest_route=\/wp\/v2\/types\/product"}],"wp:featuredmedia":[{"embeddable":true,"href":"https:\/\/shop.vsc-klingenthal.de\/index.php?rest_route=\/wp\/v2\/media\/35530"}],"wp:attachment":[{"href":"https:\/\/shop.vsc-klingenthal.de\/index.php?rest_route=%2Fwp%2Fv2%2Fmedia&parent=34742"}],"wp:term":[{"taxonomy":"product_brand","embeddable":true,"href":"https:\/\/shop.vsc-klingenthal.de\/index.php?rest_route=%2Fwp%2Fv2%2Fproduct_brand&post=34742"},{"taxonomy":"product_cat","embeddable":true,"href":"https:\/\/shop.vsc-klingenthal.de\/index.php?rest_route=%2Fwp%2Fv2%2Fproduct_cat&post=34742"},{"taxonomy":"product_tag","embeddable":true,"href":"https:\/\/shop.vsc-klingenthal.de\/index.php?rest_route=%2Fwp%2Fv2%2Fproduct_tag&post=34742"}],"curies":[{"name":"wp","href":"https:\/\/api.w.org\/{rel}","templated":true}]}}